t is k(-19)?
87
Let h(p) = -131*p**2 - 2*p - 1. Determine h(1).
-134
Let a(u) = u**3 + 9*u**2 + 29*u + 167. What is a(-8)?
-1
Let o(u) = 3*u**2 - 48*u + 49. What is o(15)?
4
Let t(g) = -67*g + 245. What is t(4)?
-23
Let u(q) = -79*q - 3242. Calculate u(-41).
-3
Let u(g) = g**3 + 43*g**2 + 462*g - 11. Determine u(-20).
-51
Let r(h) = -416*h + 1666. What is r(4)?
2
Let q(i) = -26*i**2 + 135*i + 144. Calculate q(-1).
-17
Let g(m) = -409*m**2 - 2025*m + 101. Determine g(-5).
1
Let d(k) = -k**3 - 4*k**2 + 13*k. Give d(6).
-282
Let u(f) = -f**3 + 3*f**2 + 9*f - 28. Calculate u(5).
-33
Let t(u) = 804*u - 32166. What is t(40)?
-6
Let s(i) = -i**2 + 36*i - 382. What is s(26)?
-122
Let a(q) = -32*q - 550. What is a(-16)?
-38
Let l(u) = 8*u - 41. What is l(2)?
-25
Let u(o) = 245*o + 1439. Give u(-6).
-31
Let v(g) = 1009*g - 247197. Give v(245).
8
Let r(h) = -2*h**3 - 7*h**2 + 8*h - 23. Determine r(3).
-116
Let k(j) = -48*j - 2897. Calculate k(-61).
31
Let s(c) = c**3 + 41*c**2 + 32*c - 225. Determine s(-40).
95
Let j(u) = -u**2 - 6*u + 1752. What is j(-45)?
-3
Let s(l) = 10*l**2 + 87*l + 51. Determine s(-8).
-5
Let q(b) = b**2 + 13*b + 55. Determine q(-5).
15
Let l(n) = -10*n**2 + 21*n - 113. Calculate l(3).
-140
Let a(k) = k**2 - 34*k - 3. Determine a(11).
-256
Let d(z) = -99*z + 14848. Calculate d(150).
-2
Let x(j) = 8*j**2 - 577*j + 89. Calculate x(72).
17
Let t(u) = -455*u + 2722. Give t(6).
-8
Let b(r) = -36*r**2 + 202*r + 90. Determine b(6).
6
Let a(c) = -21*c**3 + 3*c**2 + 25*c - 28. Determine a(1).
-21
Let y(w) = 1449*w - 447. Determine y(1).
1002
Let g(m) = 3*m**2 - 20. Give g(10).
280
Let f(y) = -57*y + 1200. Determine f(20).
60
Let d(x) = -x**2 - 91*x - 2124. Give d(-53).
-110
Let o(r) = -3*r**2 - 400*r - 1150. What is o(-3)?
23
Let b(w) = w**3 - 44*w**2 - 303*w - 9. Determine b(-6).
9
Let n(u) = -139*u - 64. Determine n(-2).
214
Let p(s) = -9*s**2 + 160*s - 16. Calculate p(8).
688
Let p(n) = -5*n**3 + 101*n**2 + 63*n + 439. Determine p(21).
-2
Let c(h) = 6*h**2 - 21*h - 100. Calculate c(-6).
242
Let p(u) = 1943*u - 23289. Determine p(12).
27
Let v(h) = 449*h + 306. Determine v(-1).
-143
Let d(l) = -35*l - 6380. Determine d(-180).
-80
Let k(q) = 4080*q + 89757. Give k(-22).
-3
Let z(l) = -l**3 + 6*l**2 - 7*l + 39. Determine z(6).
-3
Let w(o) = o**3 + 38*o**2 + 16*o + 621. Calculate w(-38).
13
Let a(w) = -21*w - 5. Give a(1).
-26
Let o(a) = -3*a**2 - 57*a - 127. Give o(-17).
-25
Let z(w) = -4*w**3 - 39*w**2 + 2*w - 81. Determine z(-10).
-1
Let a(b) = 6*b - 518. Determine a(91).
28
Let r(w) = 2*w**3 - 3*w**2 - 107*w + 90. What is r(-7)?
6
Let k(g) = -5*g**2 + 8*g + 18. What is k(-2)?
-18
Let o(d) = 54*d + 101. What is o(2)?
209
Let o(g) = -135*g + 1888. Calculate o(14).
-2
Let j(k) = k**3 - 24*k**2 + 22*k + 36. Determine j(23).
13
Let s(u) = u**2 + 133*u + 1444. What is s(-12)?
-8
Let i(w) = 2*w**2 - 35*w - 1140. Give i(34).
-18
Let t(m) = m**3 + 19*m**2 + 9*m + 111. What is t(-19)?
-60
Let q(c) = -12*c**3 - 147*c**2 - 37*c - 2. Calculate q(-12).
10
Let j(i) = -3*i**2 - 144*i + 143. Calculate j(-49).
-4
Let n(t) = 37*t + 531. Calculate n(-6).
309
Let a(l) = 15*l - 480. What is a(40)?
120
Let i(k) = -k**3 + 4*k**2 + 9*k + 109. Give i(7).
25
Let s(n) = -318*n - 15262. Calculate s(-48).
2
Let y(r) = -12*r + 5. Determine y(5).
-55
Let u(m) = m**3 + 60*m**2 - 209*m - 1263. Give u(-63).
-3
Let n(m) = 7*m**2 - 43*m + 100. Determine n(7).
142
Let c(l) = -l**2 + 261*l - 2562. Calculate c(10).
-52
Let p(y) = 2*y**3 - 143*y**2 - 1364*y + 315. Determine p(80).
-5
Let g(q) = -411*q + 43582. Calculate g(106).
16
Let l(n) = n**3 + 6*n**2 - 3*n + 7. What is l(-6)?
25
Let n(m) = 21*m**3 + 760*m + 760. Calculate n(-1).
-21
Let q(y) = 69*y**2 - 2*y + 2. What is q(3)?
617
Let n(a) = 51*a**3 - 3*a**2 - 9*a - 6. Give n(-2).
-408
Let l(y) = 16*y - 44. Give l(-15).
-284
Let k(s) = 60*s - 195. Give k(8).
285
Let p(h) = -h**3 + 77*h**2 + 13*h + 5088. What is p(78)?
18
Let s(o) = 23*o - 123. What is s(8)?
61
Let q(h) = 11*h - 709. Determine q(58).
-71
Let u(v) = -82*v - 584. Calculate u(-7).
-10
Let h(y) = -y**2 - 131*y - 4182. Calculate h(-76).
-2
Let r(w) = w**3 - 11*w**2 + 39*w - 153. Calculate r(7).
-76
Let d(g) = -4*g**3 + 190*g**2 + 164*g - 3276. Calculate d(48).
-12
Let j(c) = 1839*c - 7. Determine j(0).
-7
Let w(l) = 97*l - 65. Give w(-1).
-162
Let w(q) = 39*q**2 - 510*q + 22. Calculate w(13).
-17
Let j(a) = -117*a + 10247. What is j(87)?
68
Let v(z) = 45*z**2 - 2132*z + 799. Determine v(47).
0
Let w(h) = -h**2 + 55*h + 296. Give w(61).
-70
Let q(c) = 2*c**2 + 88*c + 341. Give q(-4).
21
Let n(k) = k**3 - 15*k**2 - 31*k - 37. What is n(17)?
14
Let q(x) = -189*x - 168. Give q(0).
-168
Let d(o) = -o**3 + 126*o + 244. Determine d(-2).
0
Let j(n) = 8469*n + 25437. Give j(-3).
30
Let w(f) = f**2 + 84*f + 167. What is w(-2)?
3
Let q(w) = 764*w - 123773. What is q(162)?
-5
Let s(r) = -r**3 - 63*r**2 - 359*r + 1859. Calculate s(-56).
11
Let l(p) = -2*p**3 + 26*p**2 - p + 5. What is l(13)?
-8
Let z(l) = 4*l**3 - 17*l**2 - 29*l + 88. Give z(5).
18
Let c(t) = -706*t - 11244. What is c(-16)?
52
Let v(c) = 173*c + 1200. Determine v(-7).
-11
Let q(i) = 6*i**3 + 30*i**2 + 34*i + 162. Give q(-5).
-8
Let g(i) = -14288*i - 385776. Determine g(-27).
0
Let c(n) = 180*n**2 - 189*n + 3. Give c(1).
-6
Let s(c) = c**3 - 65*c + 11. Determine s(8).
3
Let w(i) = 36*i**2 + 5. Calculate w(-2).
149
Let z(r) = 22*r + 28. Give z(3).
94
Let j(x) = 29*x**3 + 101*x**2 - 2*x + 3. Determine j(-4).
-229
Let g(r) = 771*r + 6928. What is g(-9)?
-11
Let s(o) = -o**2 + 76*o - 96. Give s(88).
-1152
Let u(d) = 8*d**3 + 55*d**2 - 187*d - 1247. Calculate u(-7).
13
Let g(o) = -8880*o + 53284. Determine g(6).
4
Let i(d) = 286*d - 5453. Determine i(19).
-19
Let f(y) = y**3 + 11*y**2 - 66*y - 522. What is f(-13)?
-2
Let t(h) = h**3 + 36*h**2 + 297*h + 2. Determine t(-6).
-700
Let o(c) = 19*c**2 + 266*c - 63. What is o(-14)?
-63
Let a(w) = -w**2 + 12*w + 3302. Give a(68).
-506
Let j(v) = 2*v - 50. Determine j(16).
-18
Let g(w) = -w**2 - 54*w - 402. Calculate g(-12).
102
Let c(t) = t**2 - 7*t - 195. Calculate c(17).
-25
Let o(a) = -a**2 - 767*a - 88750. Calculate o(-142).
0
Let n(y) = -y**2 + 3*y - 3. Calculate n(3).
-3
Let y(r) = 15*r**2 - 1379*r - 1486. Determine y(93).
2
Let q(z) = -2*z**3 + 51*z**2 - 64*z + 25. What is q(23)?
1198
Let d(o) = -o**3 - 231*o**2 + 353*o + 28080. Calculate d(-232).
8
Let g(r) = 44*r - 3259. Give g(74).
-3
Let b(h) = h**3 + 6*h**2 - 267*h - 18. Give b(-19).
362
Let u(c) = 128*c**2 + 2800*c - 41. Give u(-22).
311
Let l(z) = z**3 - 3*z**2 - 102*z + 354. Determine l(4).
-38
Let u(s) = -25*s**2 - 2407*s + 1737. Determine u(-97).
-9
Let y(x) = 24*x - 146. Determine y(-3).
-218
Let k(u) = -1082*u - 3263. Give k(-3).
-17
Let q(x) = -55*x**3 - 3*x**2 - x. Calculate q(-1).
53
Let b(v) = -7223*v + 28899. What is b(4)?
7
Let k(f) = 3*f**3 + 2*f**2 + 11*f + 9. Calculate k(-3).
-87
Let p(w) = 669*w - 2682. Determine p(4).
-6
Let q(d) = 2*d**2 - 28*d + 146. Calculate q(21).
440
Let f(q) = q**3 + 88*q**2 + 7*q + 598. Give f(-88).
-18
Let s(g) = -7*g + 577. What is s(-19)?
710
Let n(c) = 64*c + 7. Determine n(-1).
-57
Let u(m) = 5665*m - 5655. What is u(1)?
10
Let q(f) = 5*f**2 - 12*f - 1055. Give q(-13).
-54
Let i(r) = 45*r**2 - 2962*r - 536. Give i(66).
-8
Let i(c) = -2*c**2 + 10*c + 21. Give i(-8).
-187
Let g(s) = -13*s**2 + 415*s + 823. Give g(-2).
-59
Let w(a) = 4*a**3 - 8*a**2 + 28*a - 26. Calculate w(5).
414
Let u(f) = f**3 + 16*f**2 + 46*f - 20. Give u(-12).
4
Let j(b) = b**2 - 243*b + 1645. Calculate j(236).
-7
Let l(n) = 2*n**3 + 37*n**2 - 250*n - 4861. Give l(-18).
-37
Let r(g) = 20*g - 161. Give r(15).
139
Let o(v) = -22*v**2 + 24*v + 53. Calculate o(-4).
-395
Let u(h) = -1335*h - 9347. What is u(-7)?
-2
Let m(z) = 16*z**2 - 500*z + 602. What is m(30)?
2
Let v(y) = -3*y**3 + 113*y**2 + 40*y + 38. Calculate v(38).
114
Let l(c) = 17*c + 305. Determine l(-16).
33
Let x(v) = v**2 + 27*v + 115. Determine x(-21).
-11
Let a(y) = 7*y**3 + 27*y**2 - 10*y - 5. Calculate a(-4).
19
Let p(v) = -v**3 - 7*v**2 - 10*v - 6. Determine p(-4).
-14
Let q(a) = 2390*a**2 + 11954*a - 4. Calculate q(-5).
-24
Let o(h) = -h**2 + 31*h + 26. Give o(27).
134
Let i(k) = -k - 20. Calculate i(0).
-20
Let g(q) = 466*